
Is 1679 composite?
True
Is 576577 a composite number?
False
Is 2429 a composite number?
True
Is 931037 prime?
False
Is 1061 composite?
False
Is 5179 composite?
False
Is 68095 a prime number?
False
Is 82637 a prime number?
False
Is 34603 a prime number?
True
Is 351497 prime?
True
Is 493237 a composite number?
True
Is 1157171 a composite number?
False
Is 9029 composite?
False
Is 112231 prime?
False
Is 85879 a composite number?
True
Is 47477 composite?
True
Is 447169 prime?
False
Is 20857 composite?
False
Is 16013 a composite number?
True
Is 75817 a composite number?
True
Is 2124821 a prime number?
True
Is 2579 a composite number?
False
Is 65239 composite?
False
Is 21977 prime?
True
Is 141898 a composite number?
True
Is 143339 composite?
True
Is 1455227 a composite number?
False
Is 25339 a composite number?
False
Is 10727 a composite number?
True
Is 253763 a prime number?
True
Is 1153639 prime?
True
Is 34841 composite?
False
Is 90238 a prime number?
False
Is 287219 a composite number?
False
Is 1152293 a prime number?
False
Is 252851 a composite number?
True
Is 1011631 a prime number?
True
Is 96877 a composite number?
True
Is 130159 composite?
True
Is 68261 prime?
True
Is 5317 a prime number?
False
Is 222427 a composite number?
True
Is 14191 prime?
False
Is 2209151 composite?
True
Is 33767 composite?
False
Is 7413467 a composite number?
False
Is 45449 composite?
True
Is 20413 prime?
False
Is 995 a composite number?
True
Is 422029 a composite number?
False
Is 1247009 composite?
False
Is 22934 composite?
True
Is 30983 prime?
True
Is 17039 a prime number?
False
Is 12821 composite?
False
Is 246671 a composite number?
True
Is 3359 prime?
True
Is 893689 a composite number?
True
Is 52489 prime?
True
Is 83047 prime?
True
Is 28639 a composite number?
True
Is 353117 a prime number?
True
Is 32847 prime?
False
Is 583 prime?
False
Is 8153 prime?
False
Is 9871 prime?
True
Is 132241 prime?
True
Is 702067 a prime number?
True
Is 3572063 prime?
False
Is 6179 composite?
True
Is 11145281 a prime number?
False
Is 131009 composite?
False
Is 43393 composite?
True
Is 16493 a composite number?
False
Is 7349 a composite number?
False
Is 23605 composite?
True
Is 180899 a composite number?
True
Is 88733 composite?
True
Is 6103 a prime number?
False
Is 3389 prime?
True
Is 7561 a composite number?
False
Is 10313 a prime number?
True
Is 78691 composite?
False
Is 62459 composite?
False
Is 557841 composite?
True
Is 2879 composite?
False
Is 8791 a prime number?
False
Is 47557 a prime number?
False
Is 25111 a composite number?
False
Is 7409 a composite number?
True
Is 1488115 composite?
True
Is 12279 composite?
True
Is 12143 prime?
True
Is 8962 composite?
True
Is 175891 composite?
False
Is 8999 a composite number?
False
Is 20593 composite?
False
Is 1319 prime?
True
Is 114157 a composite number?
False
Is 84377 prime?
True
Is 170611 a composite number?
True
Is 1633609 a prime number?
True
Is 240473 prime?
True
Is 168067 a prime number?
True
Is 51971 a composite number?
False
Is 241127 composite?
False
Is 2429 a composite number?
True
Is 869579 composite?
False
Is 177239 a prime number?
True
Is 962867 a prime number?
True
Is 11302 prime?
False
Is 91985 a prime number?
False
Is 40058 composite?
True
Is 2815 a composite number?
True
Is 1739 prime?
False
Is 40253 a composite number?
False
Is 8254 a prime number?
False
Is 1454 prime?
False
Is 97367 a prime number?
True
Is 21001 composite?
False
Is 412997 a composite number?
True
Is 645703 a composite number?
False
Is 368647 composite?
False
Is 43067 composite?
False
Is 232741 composite?
False
Is 827473 composite?
False
Is 191 prime?
True
Is 3989 a prime number?
True
Is 7241 a prime number?
False
Is 4751 prime?
True
Is 35151 composite?
True
Is 7247 a composite number?
False
Is 1064297 composite?
True
Is 89753 prime?
True
Is 41927 prime?
True
Is 105751 composite?
False
Is 8543 a prime number?
True
Is 22773 a composite number?
True
Is 2155 prime?
False
Is 1979 a prime number?
True
Is 136193 composite?
False
Is 7901 a composite number?
False
Is 429655 composite?
True
Is 104603 a composite number?
True
Is 3768497 a prime number?
True
Is 2648257 composite?
False
Is 1217 a prime number?
True
Is 688087 composite?
False
Is 2503 a composite number?
False
Is 201241 composite?
True
Is 279847 a prime number?
True
Is 5981 a prime number?
True
Is 30183 a composite number?
True
Is 8333 prime?
False
Is 8659 a prime number?
False
Is 78643 composite?
False
Is 50981 a prime number?
False
Is 1769 composite?
True
Is 225427 composite?
False
Is 80609 a prime number?
False
Is 42373 prime?
True
Is 31237 prime?
True
Is 4981 a prime number?
False
Is 164669 composite?
True
Is 209161 prime?
False
Is 12569 composite?
False
Is 1903 prime?
False
Is 3983 prime?
False
Is 18701 a composite number?
False
Is 2267 composite?
False
Is 69847 composite?
False
Is 37171 prime?
True
Is 285317 a composite number?
False
Is 5702 prime?
False
Is 289837 a composite number?
False
Is 1483621 composite?
False
Is 14567 composite?
True
Is 1723 a composite number?
False
Is 20561 composite?
True
Is 62845 a prime number?
False
Is 56081 a composite number?
False
Is 6119 composite?
True
Is 38263 a prime number?
False
Is 49003 composite?
False
Is 58139 prime?
False
Is 7699 a composite number?
False
Is 1814507 a composite number?
False
Is 147403 a prime number?
False
Is 5435 prime?
False
Is 7603 a composite number?
False
Is 35791 a composite number?
True
Is 42331 prime?
True
Is 8887 a prime number?
True
Is 21719 prime?
False
Is 23357 a prime number?
True
Is 35347 composite?
True
Is 16163 a composite number?
True
Is 470993 prime?
True
Is 209879 a prime number?
False
Is 443 a prime number?
True
Is 2581 prime?
False
Is 3163 a composite number?
False
Is 10639 a prime number?
True
Is 454697 a composite number?
True
Is 554423 a composite number?
True
Is 5489 composite?
True
Is 30985 a composite number?
True
Is 129917 a prime number?
True
Is 5403 composite?
True
Is 17279 composite?
True
Is 527273 a prime number?
True
Is 121193 composite?
True
Is 126083 a composite number?
True
Is 79939 prime?
True
Is 15659 composite?
True
Is 227743 a prime number?
True
Is 639631 a composite number?
False
Is 34693 prime?
True
Is 37291 a prime number?
False
Is 3691 a composite number?
False
Is 123113 a prime number?
True
Is 622133 a prime number?
True
Is 1655117 a composite number?
True
Is 134777 prime?
True
Is 2833 composite?
False
Is 166597 a composite number?
False
Is 120421 composite?
True
Is 406169 composite?
False
Is 18853 a prime number?
False
Is 1274087 a prime number?
True
Is 50989 composite?
False
Is 413207 composite?
False
Is 106837 prime?
False
Is 75377 prime?
True
Is 2319 prime?
False
Is 44277 prime?
False
Is 10771 prime?
True
Is 13567 a prime number?
True
Is 10727 composite?
True
Is 8098 a composite number?
True
Is 9131 prime?
False
Is 5839 composite?
False
Is 47093 a composite number?
False
Is 30029 a prime number?
True
Is 203929 composite?
True
Is 1036219 composite?
True
Is 12037 prime?
True
Is 313457 a prime number?
False
Is 232333 a composite number?
False
Is 294797 composite?
True
Is 549517 a composite number?
False
Is 1632307 prime?
True
Is 6599 prime?
True
Is 5349 a composite number?
True
Is 25255 composite?
True
Is 64553 prime?
True
Is 2249 composite?
True
Is 1266553 composite?
True
Is 9661 prime?
True
Is 663477 a prime number?
False
Is 30154 a prime number?
False
Is 50261 a composite number?
False
Is 123599 composite?
True
Is 14002 a composite number?
True
Is 22261 composite?
True
Is 129233 a composite number?
True
Is 5227 composite?
False
Is 37803 a prime number?
False
Is 180871 composite?
False
Is 1329701 a composite number?
False
Is 773317 a composite number?
False
Is 2203 composite?
False
Is 8285 composite?
True
Is 865 a prime number?
False
Is 2039203 composite?
True
Is 35195 a prime number?
False
Is 736655 a composite number?
True
Is 141643 prime?
False
Is 49307 a composite number?
False
Is 50111 prime?
True
Is 213177 composite?
True
Is 2999 composite?
False
Is 1027 a composite number?
True
Is 89135 a prime number?
False
Is 521297 a prime number?
False
Is 563729 prime?
False
Is 13379 prime?
False
Is 10123 prime?
False
Is 2243867 composite?
True
Is 2926547 a prime number?
False
Is 7817 compo